?
4
What is the ten thousands digit of 5672774?
7
What is the units digit of 330346?
6
What is the tens digit of 89747?
4
What is the millions digit of 4240500?
4
What is the ten thousands digit of 211447?
1
What is the units digit of 772979?
9
What is the hundred thousands digit of 5673373?
6
What is the ten thousands digit of 21824306?
2
What is the units digit of 471233?
3
What is the hundreds digit of 221027?
0
What is the thousands digit of 41017387?
7
What is the hundreds digit of 18631948?
9
What is the hundreds digit of 1899210?
2
What is the hundred thousands digit of 1551596?
5
What is the millions digit of 5814946?
5
What is the tens digit of 3659425?
2
What is the units digit of 411441?
1
What is the hundreds digit of 21126976?
9
What is the hundred thousands digit of 2654630?
6
What is the ten thousands digit of 236595?
3
What is the ten thousands digit of 165197?
6
What is the hundred thousands digit of 403470?
4
What is the thousands digit of 19081246?
1
What is the thousands digit of 4244535?
4
What is the tens digit of 6036924?
2
What is the tens digit of 177230?
3
What is the tens digit of 7323464?
6
What is the tens digit of 282537?
3
What is the hundred thousands digit of 26943631?
9
What is the units digit of 73527?
7
What is the tens digit of 204057?
5
What is the thousands digit of 18591605?
1
What is the thousands digit of 3746214?
6
What is the ten thousands digit of 184075?
8
What is the ten thousands digit of 1314506?
1
What is the thousands digit of 305243?
5
What is the units digit of 191519?
9
What is the ten thousands digit of 36770565?
7
What is the tens digit of 211098?
9
What is the hundreds digit of 990015?
0
What is the units digit of 22892779?
9
What is the tens digit of 92305?
0
What is the hundreds digit of 5841519?
5
What is the thousands digit of 234602?
4
What is the hundred thousands digit of 1653938?
6
What is the thousands digit of 157782?
7
What is the thousands digit of 4493209?
3
What is the hundreds digit of 4328852?
8
What is the units digit of 172934?
4
What is the tens digit of 8713427?
2
What is the hundred thousands digit of 292372?
2
What is the ten thousands digit of 11445049?
4
What is the tens digit of 190380?
8
What is the hundreds digit of 15368479?
4
What is the tens digit of 42815?
1
What is the tens digit of 19838915?
1
What is the ten thousands digit of 13759?
1
What is the thousands digit of 21542086?
2
What is the ten thousands digit of 414239?
1
What is the units digit of 2188888?
8
What is the hundreds digit of 720688?
6
What is the thousands digit of 20972213?
2
What is the hundreds digit of 438893?
8
What is the hundred thousands digit of 1217771?
2
What is the hundred thousands digit of 312944?
3
What is the units digit of 128576?
6
What is the units digit of 13193?
3
What is the millions digit of 7591194?
7
What is the hundred thousands digit of 1067881?
0
What is the thousands digit of 533649?
3
What is the thousands digit of 48722?
8
What is the tens digit of 1348413?
1
What is the hundreds digit of 10644835?
8
What is the thousands digit of 7124607?
4
What is the units digit of 6128791?
1
What is the hundred thousands digit of 1516860?
5
What is the hundreds digit of 1018066?
0
What is the hundreds digit of 732997?
9
What is the thousands digit of 603294?
3
What is the hundreds digit of 725409?
4
What is the tens digit of 1040150?
5
What is the tens digit of 12623547?
4
What is the ten millions digit of 13409056?
1
What is the tens digit of 1554457?
5
What is the hundred thousands digit of 303080?
3
What is the hundreds digit of 51848?
8
What is the tens digit of 6053695?
9
What is the millions digit of 2743891?
2
What is the thousands digit of 281393?
1
What is the thousands digit of 179590?
9
What is the hundreds digit of 365210?
2
What is the ten thousands digit of 209864?
0
What is the units digit of 115455?
5
What is the tens digit of 351587?
8
What is the units digit of 478734?
4
What is the hundred thousands digit of 6361878?
3
What is the thousands digit of 9886046?
6
What is the thousands digit of 17279312?
9
What is the ten thousands digit of 1448559?
4
What is the millions digit of 4429678?
4
What is the hundred thousands digit of 205700?
2
What is the tens digit of 112168?
6
What is the thousands digit of 15848710?
8
What is the tens digit of 19776305?
0
What is the ten millions digit of 27393385?
2
What is the tens digit of 263121?
2
What is the thousands digit of 3541337?
1
What is the hundreds digit of 245957?
9
What is the hundreds digit of 590637?
6
What is the hundred thousands digit of 271281?
2
What is the hundreds digit of 10074081?
0
What is the units digit of 8650967?
7
What is the hundred thousands digit of 17451791?
4
What is the ten thousands digit of 130215?
3
What is the ten thousands digit of 1058060?
5
What is the ten thousands digit of 153997?
5
What is the millions digit of 6858640?
6
What is the hundred thousands digit of 1379294?
3
What is the millions digit of 18386686?
8
What is the tens digit of 393984?
8
What is the hundreds digit of 4783824?
8
What is the hundred thousands digit of 6372637?
3
What is the hundreds digit of 1759116?
1
What is the hundreds digit of 16204422?
4
What is the units digit of 262892?
2
What is the tens digit of 62850?
5
What is the units digit of 1743120?
0
What is the hundred thousands digit of 2870224?
8
What is the hundred thousands digit of 252249?
2
What is the thousands digit of 362827?
2
What is the hundred thousands digit of 318445?
3
What is the thousands digit of 6165447?
5
What is the units digit of 2071835?
5
What is the ten thousands digit of 5313581?
1
What is the hundred thousands digit of 1276438?
2
What is the units digit of 810194?
4
What is the hundreds digit of 205875?
8
What is the thousands digit of 9024?
9
What is the thousands digit of 3968012?
8
What is the tens digit of 231131?
3
What is the units digit of 179982?
2
What is the tens digit of 15878128?
2
What is the units digit of 1042542?
2
What is the tens digit of 364095?
9
What is the units digit of 1586391?
1
What is the hundreds digit of 301967?
9
What is the thousands digit of 2651970?
1
What is the units digit of 3514929?
9
What is the ten thousands digit of 10313277?
1
What is the ten thousands digit of 85474?
8
What is the hundreds digit of 608940?
9
What is the tens digit of 185044?
4
What is the ten thousands digit of 985643?
8
What is the ten thousands digit of 410768?
1
What is the hundreds digit of 1291270?
2
What is the ten thousands digit of 1913496?
1
What is the hundred thousands digit of 556771?
5
What is the hundred thousands digit of 353031?
3
What is the tens digit of 161915?
1
What is the millions digit of 14119565?
4
What is the ten thousands digit of 1543393?
4
What is the ten thousands digit of 3285761?
8
What is the hundred thousands digit of 406626?
4
What is the ten thousands digit of 480014?
8
What is the thousands digit of 317781?
7
What is the hundreds digit of 5542515?
5
What is the hundred thousands digit of 718139?
7
What is the ten thousands digit of 865172?
6
What is the hundred thousands digit of 116921?
1
What is the hundreds digit of 213266?
2
What is the hundreds digit of 727399?
3
What is the hundreds digit of 27055736?
7
What is the ten millions digit of 10437219?
1
What is the hundred thousands digit of 2558324?
5
What is the millions digit of 1299864?
1
What is the hundred thousands digit of 376455?
3
What is the ten thousands digit of 1232610?
3
What is the thousands digit of 648109?
8
What is the tens digit of 3922395?
9
What is the units digit of 1002116?
6
What is the ten thousands digit of 723251?
2
What is the units digit of 3157621?
1
What is the tens digit of 3812070?
7
What is the tens digit of 1603596?
9
What is the thousands digit of 12423787?
3
What is the units digit of 633441?
1
What is the hundreds digit of 119358?
3
What is the ten thousands digit of 4610068?
1
What is the ten thousands digit of 4018607?
1
What is the units digit of 191601?
1
What is the ten thousands digit of 52946?
5
What is the hundreds digit of 19523746?
7
What is the tens digit of 391026?
2
What is the thousands digit of 258496?
8
What is the hundred thousands digit of 120861?
1
What is the mill